actors of u(-6)?
19
Suppose -8*x + 6*x + 170 = 0. Let t = x - 50. What are the prime factors of t?
5, 7
Suppose 5*v - 3 + 13 = 0. Let b = 4 + v. Let m = 15 - b. What are the prime factors of m?
13
Let g be (-8)/(-4) - 3*2. List the prime factors of 56 + (-1)/((-1)/g).
2, 13
Let x(g) = 2*g - 3. Let q be x(3). Suppose 4*d - 20 = -4*k + 24, 0 = -q*k + 5*d + 1. List the prime factors of k.
7
Suppose y = -11 - 7. Let d(b) = -b**3 + 2*b**2 + 2*b - 2. Let i be d(3). What are the prime factors of y/i - 8/(-20)?
2
Let u = 20 + -2. Let l = u - -1. List the prime factors of l.
19
Suppose y - 7 = -3*k + 4, -y = k - 1. Let w be 0*2/y + 6. Let z = w - 3. List the prime factors of z.
3
Suppose -176 = -6*q + 2*q. Suppose 16 = 5*p - q. List the prime factors of p.
2, 3
Suppose 3*s = -k + 13, -3*k + 37 = 4*s - 7. List the prime factors of k.
2
List the prime factors of (12/8)/(6/128).
2
Suppose -5*j + 50 = -0*j. Let c = j - -1. List the prime factors of c.
11
Let f be 1*2 - (7 - 7). List the prime factors of (7 - (-9)/(-3)) + f.
2, 3
Let t = 5 + -3. Suppose -41 - 13 = -t*f. What are the prime factors of f?
3
Let u(b) = 12*b**2 - 2*b - 3. What are the prime factors of u(-2)?
7
Let r = 18 + 32. What are the prime factors of r?
2, 5
Let s = 60 + -37. List the prime factors of s.
23
Suppose -2*b + 212 + 92 = 0. List the prime factors of b.
2, 19
Let q(o) = -4*o - 1. Let r be q(-1). Suppose -3*b - r*d + 30 = 6, 0 = 5*b - 3*d. List the prime factors of b.
3
List the prime factors of 6*((-528)/9)/(-4).
2, 11
Suppose -2*k + 101 = -3*i, -52 = -2*k + 2*i + 44. Suppose 3*r = 3*c + 2*r - 67, 3*c + 5*r = k. List the prime factors of c.
3, 7
Let p = -14 - -30. List the prime factors of p.
2
Let h = 490 - 320. List the prime factors of h.
2, 5, 17
Suppose -v + 5*a - 122 = -0*a, -2*a = 2. List the prime factors of (-14)/35 - v/5.
5
Suppose -3*d + 2*n = -305, 0 = d + n + 2*n - 98. List the prime factors of d.
101
Suppose 3*o + 1 = 10. Let b(j) = j + o*j - 2*j + 4*j**2. What are the prime factors of b(-2)?
2, 3
Let b be 1/(-1) - 30/(-5). Suppose 0*f - i = 3*f - 80, -136 = -b*f - i. List the prime factors of f.
2, 7
Let m(n) = -n**3 + 7*n**2 - 3*n + 7. Let g be m(6). Let f = g - 15. What are the prime factors of f?
2, 5
Let n(u) = u**3 + u**2 - 3*u + 2. Suppose 5*c - 17 = -2. What are the prime factors of n(c)?
29
Let w = 6 + -4. Suppose -3*j = w*j - 10. List the prime factors of j.
2
Suppose 5*h = 11 - 1. Suppose 0*p - 20 = -5*p. Suppose -p*o + 18 = -h*o. What are the prime factors of o?
3
Let q = 1 + 0. Suppose 3*n + 1 = 10. Suppose -y = -q - n. List the prime factors of y.
2
Suppose -2*l + 7*l - 40 = 0. Suppose -2*b + 14 = -14. Let d = b - l. List the prime factors of d.
2, 3
Let b(q) = -q**3 + 3*q + 4. Let y be b(-5). What are the prime factors of (1/(-3))/((-2)/y)?
19
Suppose 4*k + 12 = 5*o, -2*o + o + 6 = k. Suppose -22 = -4*j - 5*p + 6, 3*p - 35 = -5*j. Suppose k*g = 31 - j. List the prime factors of g.
2, 3
Let g = -2 - -76. List the prime factors of g.
2, 37
Suppose -2*b + 3*i + 638 = i, 0 = -3*b - i + 965. What are the prime factors of b?
3, 107
Let a = 38 - 16. Suppose 6*d - 10 = 8. Suppose d*y = -i + 24, -a = -5*y + y + 2*i. What are the prime factors of y?
7
Let o = -2 - -7. Let k = -2 + o. Suppose -36 = y - k*y. What are the prime factors of y?
2, 3
Suppose -5*t - 3*m = 186, -2*t - 3*m + m - 76 = 0. Let i = -17 - t. List the prime factors of i.
19
Suppose -x = 3*x - 64. Let f = -3 - -8. Suppose -f = q - x. List the prime factors of q.
11
Suppose 2*t + 86 = 2*a - 0*a, 0 = 5*t + 2*a + 215. Let x = t + 73. List the prime factors of x.
2, 3, 5
Suppose -140 = -3*a - 23. What are the prime factors of a?
3, 13
Let q = 0 + -2. Let i(m) = 2*m**2 + 5*m + 16. Let k(v) = -v**2 - 3*v - 11. Let j(r) = 5*i(r) + 7*k(r). What are the prime factors of j(q)?
7
Suppose 0 = 10*i + 20 - 620. List the prime factors of i.
2, 3, 5
Let o(d) = -d**3 + 4*d**2 + 7*d - 6. Let i be o(5). Suppose 14 = 2*l - i. What are the prime factors of l?
3
Suppose -3*u - 4*z = -20, 0 = -2*u + 3*z - 0*z + 2. Suppose -4*s + 4 = -3*s, 4*b + u*s = 52. Suppose b - 29 = -2*t. List the prime factors of t.
2, 5
Let l(r) = -r - 4. Let h(q) = q**2 + 10*q + 3. Let x be h(-10). Let t be l(x). Let f = -4 - t. List the prime factors of f.
3
Suppose 4*r = -2*z + 74, -4*r + 3*z + 23 = -36. List the prime factors of r.
17
Suppose 5*b + 0*b = 0. Suppose -2*t + b = -8. What are the prime factors of t?
2
Let t(i) = -i**2 - 10*i - 6. Let r be t(-9). Suppose r*k - 2*k + 9 = c, -c + 9 = k. What are the prime factors of c?
3
Suppose 0*j = -4*j + 540. List the prime factors of j.
3, 5
Suppose 5*t = 2*x + 17, -6*x + 2*x + 26 = 2*t. Suppose -74 = -2*l + p - 2*p, 0 = -l - t*p + 19. Suppose 4*a - l = 9. What are the prime factors of a?
2, 3
Let o(r) = -4*r. What are the prime factors of o(-3)?
2, 3
Let i = -196 + 361. List the prime factors of i.
3, 5, 11
Suppose 2*u - 9 - 2 = -5*q, u - 5*q - 28 = 0. Suppose -5*d + 3*f + 8 + u = 0, 16 = 4*d - 2*f. List the prime factors of d.
3
Suppose 0 = 5*u - 5*w - 40, -5*u + 36 = -0*u - 4*w. Let l = 10 + u. What are the prime factors of l?
2, 7
Let k = 486 - 301. List the prime factors of k.
5, 37
Suppose 1 = g - 0, -2*g + 21 = -f. Suppose -3*w + 2*d - 11 = 0, 6 + 6 = 3*d. List the prime factors of 2 + (0 + f)*w.
3, 7
Let w(b) = 2*b**2 - 38*b + 22. List the prime factors of w(21).
2, 53
Let k(o) = -o**3 + 4*o + 11. What are the prime factors of k(-5)?
2, 29
Let w be (3/1)/(-1) + 1. Suppose -5*x + 98 = -x + 3*p, -2*x = p - 48. List the prime factors of 1/(w - x/(-11)).
11
Suppose -2*a + 0*a + 176 = 0. Suppose 3*x + 82 = b, 3*b - a = 5*x + 50. Let m = x - -41. List the prime factors of m.
2, 7
Suppose 0 = -p + 2*p. Suppose p = -2*c + 4*f + 22, 30 = -5*f + 10. Suppose -c*v - 3*g = 3, -4*v - 8*g + 3*g - 9 = 0. List the prime factors of v.
2
Let t(b) = -2*b**2 - b + 2. Let y(v) = -v**2 + v + 1. Let k(a) = -t(a) + y(a). Let o(d) = -2*d. Let c be o(2). List the prime factors of k(c).
7
Let s be (-129)/(-5) + 3/15. Let k = 39 - s. What are the prime factors of k?
13
Let x be 113 + -2 + -3 + 3. Let f(c) = c**3 - 4*c**2 + 4. Let b be f(4). Suppose -12 = 3*q, b*l = 2*q - 35 + x. List the prime factors of l.
17
Let t(s) = -s**3 - s + 6. Let u be t(0). Suppose u*c - 77 + 11 = 0. What are the prime factors of c?
11
Let p = 111 - 60. List the prime factors of p.
3, 17
Let k be (0 + -1)/(9/(-99)). Let z = k - 5. Suppose z = p - 0*p. What are the prime factors of p?
2, 3
Suppose 39*p = 42*p - 279. What are the prime factors of p?
3, 31
Suppose b - 6 = -b. Let y(i) = 2*i - 2. Let s be y(b). Suppose 5*g + 24 = 4*a, -3*a - s*g + 16 + 2 = 0. What are the prime factors of a?
2, 3
Let y = 11 - 13. Let r = y + 10. List the prime factors of r.
2
Suppose 143 + 10 = 3*g. What are the prime factors of g?
3, 17
Suppose 2*i - 6 = -4*o + o, -3*i = o - 16. Suppose -y - 26 = -2*y + 5*k, 3*y - i = -3*k. What are the prime factors of y?
2, 3
Let r(f) = 17*f**2 + f. Let i be r(1). Suppose 3*k = 5*k - i. What are the prime factors of k?
3
Let f(o) = -o**2 - 6*o + 4. Let r be f(-6). Suppose 4*q - 184 = -r. Suppose -b + 6*b = q. What are the prime factors of b?
3
Let c(w) = -w**2 + 4*w - 10. Let q(i) = -2*i**2 + 7*i - 19. Let y(x) = 7*c(x) - 4*q(x). What are the prime factors of y(0)?
2, 3
Suppose 4*g - 9 = 3. List the prime factors of 3 + 3*(g - 2).
2, 3
Let s(a) = a**3 + 5*a**2 - 5*a - 2. List the prime factors of s(-5).
23
Let q = -32 - -8. Let z = 51 + q. What are the prime factors of z?
3
List the prime factors of (-2)/(3 + 34/(-11)).
2, 11
Let h be (0 - -1)*(-5)/(-1). Suppose -3*b + 21 = h*c - 4*b, -5*c + 17 = 3*b. Suppose -32 = -c*r - 2*a, -r + 3*a + 24 = 2*r. List the prime factors of r.
2
Let s = 1 + 4. Suppose 15 - 5 = -s*z. Let x = 13 + z. What are the prime factors of x?
11
Let g(x) = 2*x**2 + 3*x. Let h be 2 + -9 + (4 - 1). Let d be g(h). Suppose 3*z = c + 15, -4*z - 2*c = c - d. List the prime factors of z.
5
What are the prime factors of (1/3)/((-2)/(-78))?
13
Let r(n) = -n**2 + 7*n + 10. Let d be r(7). Let b = 14 - d. Suppose b*w - 4 = -i - i, 3*i - 3*w - 6 = 0. List the prime factors of i.
2
Suppose 5*v - 9 = 26. Let k(d) = d - 4. What are the prime factors of k(v)?
3
Suppose -3*n + 3*o + 39 = 0, -3*n - o = -46 - 13.